f - 28 = 0. Let q = -2 - f. Let z(n) = 2*n**3 + n**2 - 2*n + 1. Determine z(q).
17
Let b(s) = 0 - s**2 - 2*s + 0 + 3. Suppose 21 = -2*u - 2*g + 7, -2*u + 10 = -4*g. Determine b(u).
0
Suppose 3*r - 13 = 3*h - 1, 0 = 4*r + 3*h - 16. Let v(w) = -4*w + 9. Give v(r).
-7
Let q(w) be the third derivative of 4*w**5/15 - w**4/12 - w**3/2 + 365*w**2. Give q(-1).
15
Suppose 0 = 5*d - 2*d - 81. Suppose -3*g + d + 3 = 0. Suppose 4*a - 5*u + 1 = a, g = 2*a + 2*u. Let i(r) = -r**3 + 4*r**2 - 4*r + 3. Give i(a).
0
Suppose -43*w = 32*w - 450. Let j(l) = -l + 1. Determine j(w).
-5
Let i = 343 - 345. Let s(w) = -2*w**3 + 3*w**2 + 2*w + 3. Give s(i).
27
Let v(p) be the second derivative of 5*p**3/6 - 3*p**2/2 + 14*p. Let m(g) = -g. Let o(d) = 4*m(d) + v(d). Determine o(5).
2
Let q(o) be the second derivative of o**4/12 + o**3/6 - 13*o**2/2 + 287*o - 1. Give q(3).
-1
Let x(i) = -i**3 + 5*i**2 - i + 1. Let h = 3 - -3. Let y = h - 1. Give x(y).
-4
Let x(g) = -g**2 + 5*g - 8. Let s(y) = y + 7. Let h be s(-4). What is x(h)?
-2
Let k(z) = -z**3 + 5*z**2 - z - 3. Let y = 414 + -409. What is k(y)?
-8
Let d(x) be the first derivative of 9*x**2/2 - 97. Determine d(-1).
-9
Let l(r) = -r**3 - 3*r**2 + 4*r + 3. Let j be l(-3). Let q(u) = -6*u - 11. Let m(v) = -2*v - 1. Let b(h) = -2*m(h) + q(h). Determine b(j).
9
Suppose 3*j - 11 = -2. Let h be (-1)/(j/(-6)) + 4. Let b(w) = w**3 - 7*w**2 + 7*w - 7. What is b(h)?
-1
Let v(a) = -7 - 6*a - 2*a**3 + 0 - 7 - 6*a**2 + a**3. Let k be v(-5). Let o(h) = 6 + h**3 - 6 + 6 + 9*h**2. Determine o(k).
6
Let r(c) = c**3 + 7*c**2 + c + 15. Let n be r(-7). Let a = -14 + n. Let g(b) = b**2 + 8*b - 4. Determine g(a).
-16
Suppose 3*j - 2 - 7 = 0. Suppose j*o - 3*x + 8*x = -17, o - 21 = 5*x. Let d(a) = -2*a**2 - a**2 - 4*a**2 - 4*a**2 - o. Give d(1).
-12
Let k(u) = u + u - 6 - 13 + 10. Let n(q) = q - 5. Let s(j) = -4*k(j) + 7*n(j). Determine s(5).
-4
Let j(h) be the first derivative of -3*h**2/2 + 1. Let g(u) = -3*u - 7. Let d(f) = f**2 + 4*f. Let b be d(-3). Let t be g(b). Calculate j(t).
-6
Let q(m) = 4*m + 5. Let j = -156 - -154. Determine q(j).
-3
Let k(m) = 2*m + 3. Suppose -3 = 2*n - 13. Suppose -4*y = 3*d + 12, -3*y + n*y + 16 = -4*d. Determine k(d).
-5
Let y(x) = -x**2 + 20*x + 28. Let k be (3 + -1)*(-2)/(-4)*21. What is y(k)?
7
Let u(j) = j**2 + 14*j + 24. Let w(t) = -45*t + 258. Let l be w(6). Give u(l).
0
Suppose 31 - 7 = -3*v. Let l(c) be the first derivative of c**2/2 + 5*c - 6. Determine l(v).
-3
Let n(v) = 0 + 29*v - 54*v + 19*v + 6*v**2 - 2 + v**3. Calculate n(-7).
-9
Let m(v) = -4 - 3 - 2*v + 4*v. Suppose -3*p - 148 = -7*p. Suppose 5*l - p = -12. Determine m(l).
3
Let c(a) be the first derivative of -3*a**4/4 + a**3/3 - a**2 + a + 238. Give c(1).
-3
Let h(n) = -n**3 + 14*n**2 - 3*n + 46. Let q be h(14). Let o(c) = c**2 + c + 3. Let g be o(0). Suppose q = m + g. Let b(v) = -v. What is b(m)?
-1
Let t(p) = -3*p**2 - 6*p - 23. Let a(r) = -3*r**2 - 4*r - 19. Let u(i) = -4*a(i) + 3*t(i). Calculate u(5).
72
Suppose b = 4*o - 21, b + 5 - 4 = 0. Let v(c) = -c**2 + 6*c + 9. Let m be v(7). Let z(j) = -o + 2*j**m + 2*j**2 + 0 - j + 1 - j**3. Give z(4).
-8
Let u(n) = -5*n**3 + n**2 - 1. Let o(y) = y + 15. Let z be (-1455)/90 - (-1)/6. Let q be o(z). Calculate u(q).
5
Let n be (-290)/(-29) + (-39)/3. Let o(t) be the first derivative of -1 + 3/2*t**2 + 4*t. Determine o(n).
-5
Let n(i) = i - 1. Let k = 1206 + -1208. What is n(k)?
-3
Let v be -82 - 0 - (-3 + 2 + 5). Let k = 91 + v. Let z(c) = c**2 - 4*c - 6. Calculate z(k).
-1
Let p(x) = -19 + 4*x + 2 + 13 - 12. Determine p(6).
8
Let a(m) = 91*m**3 - 6*m**2 + 3*m - 7. Let v(q) = -30*q**3 + 2*q**2 - q + 2. Let x(k) = -2*a(k) - 7*v(k). Give x(1).
27
Let a(t) = t + 11. Suppose -20 = -3*x + 7. Let s(n) = -4*n - 45. Let q(f) = x*a(f) + 2*s(f). Let g be q(-5). Let d(w) = w**3 - 4*w**2 + 1. What is d(g)?
1
Let d(g) = 4*g. Let o be d(2). Let i(p) = -p**2 + 9*p + 2. Let q be i(o). Let s = q + -4. Let l(n) = n - 4. Calculate l(s).
2
Let s(c) be the first derivative of -c**3/3 + 5*c**2/2 - c + 1. Let u be s(4). Let m(g) = 1 + 7*g - u - 2 + 3. What is m(-1)?
-8
Let o = -792 + 789. Let n(d) be the first derivative of -d**3 - 3*d**2/2 + d + 1. Let t(g) = g**2 - g. Let k(v) = n(v) + 2*t(v). Calculate k(o).
7
Let b(u) = 5*u**2 + 2*u - 12. Let v = 24 + -30. Let l(a) = 11 - 2*a - 4*a**2 - a + 0*a. Let c(r) = v*l(r) - 5*b(r). Give c(5).
9
Let g(j) be the second derivative of j**4/12 - j**3 + 3*j**2/2 - 93*j. Determine g(5).
-2
Suppose -2*l + 6 = l. Let r(t) = -l*t**3 - t + t**2 + 2*t**3 + 5*t**3. Let y be (-61)/183 + (-8)/(-6). Give r(y).
5
Let b(f) = 1 + 26*f**2 + 28094*f - 28094*f. Calculate b(1).
27
Let f(k) be the second derivative of k**5/20 - 2*k**4/3 - 4*k**3/3 + 9*k**2/2 + 434*k. Determine f(8).
-55
Let m(h) = -h**2 + 7*h - 4. Suppose 4*v - 5 = 4*s - 37, -3*s = 4*v - 10. Suppose -4*x + 2*a = -14, 4*x - x - s = 3*a. Determine m(x).
6
Let o(m) be the second derivative of 3*m**5/20 - m**4/2 + m**3 - 7*m**2/2 + 28*m. Let n(r) = -r**3 - r**2 + r. Let q(x) = -2*n(x) - o(x). What is q(7)?
0
Suppose 22 = -5*n + 3*m, 0 = 4*n - 3*m + 21 - 4. Let q(t) be the first derivative of t**3/3 + 2*t**2 - 7*t + 2. Give q(n).
-2
Let n be ((-2)/(-4))/((-7)/14). Let y(a) be the first derivative of -3*a**3 - a**2 - a + 3. Determine y(n).
-8
Suppose 0 = 3*r - 13 + 49. Let a(n) = n**3 + 11*n**2 - 9*n + 15. What is a(r)?
-21
Let j(h) = -6*h**3 - h**2 + h + 1. Let t be (-2 + 3/2)*(-50 + 52). Determine j(t).
5
Let x = 15 + -15. Let o = 2 - x. Let y be 10/4 + 1/o. Let n(q) = 2*q + 2. What is n(y)?
8
Suppose -8 + 20 = 3*h. Suppose -3*y - 3 + 10 = h*l, -12 = 4*y. Let v(q) = -l - 2 + 9 - 8 - q**3 - q - q**2. Determine v(0).
-5
Let l be (-10)/95 - (-390)/95. Suppose -4*p = o - 5, -2*o + 10 = -0*o + l*p. Let d(y) be the third derivative of y**5/30 - y**4/4 - y**3 - y**2. What is d(o)?
14
Let k(v) = 5*v. Let o = -17 - -21. Let x(i) = -i**2 - 14*i. Let q(s) = o*x(s) + 11*k(s). Calculate q(-1).
-3
Let c be (0 + 1/(-2))*(17 + -21). Let b(i) = 5*i - 5. Calculate b(c).
5
Let w(i) = -10*i + 3 - 3*i**2 - 1 - 2*i + 6*i + 5*i. Let j = 1 + 1. What is w(j)?
-12
Let r(w) = 3*w + 1. Let g be 1*(-3)/6*0. Suppose 0 = 3*x - 3*u - 2 - 13, 3*x - 4*u - 16 = g. Suppose -2*s = -x, -4*s + 9*s - 4 = -3*c. Give r(c).
-5
Let g(i) = 7*i**2 + 12*i + 43*i**3 + 45*i**3 - 128*i**3 - i + 15 + 41*i**3. Determine g(-6).
-15
Let p(u) = u**2 - 7*u - 4. Let y = 34 - 22. Let x(b) = 6*b**2 - 3*b. Let m be x(2). Let r = m - y. What is p(r)?
-10
Let p(b) = -b**2 - 28*b - 16. Let z be p(-27). Let c(l) = l**2 - 14*l + 4. Calculate c(z).
-29
Let l(d) = 3*d**3 + 8*d**2 + 7*d + 1. Let a(v) = -1 - 8*v**3 + v**3 + 3*v**3 - 10*v - 12*v**2. Let f(z) = 5*a(z) + 7*l(z). Give f(4).
-2
Suppose 3*c = 12 - 0. Let d(b) = b**2 - 4*b - 2. Let k be d(c). Let a(s) = -4*s + 1. What is a(k)?
9
Let k(i) = 9*i - 2*i**2 + 18*i**3 - i**2 + 8*i**2 - 19*i**3 + 2*i**2 - 9. What is k(8)?
-1
Let b(c) = -c**3 - 15*c**2 + c + 19. Suppose 182 - 167 = -a. Determine b(a).
4
Let k(y) = 4*y + 3. Let d = 579 - 574. Determine k(d).
23
Let s = -6 + 9. Let o(k) be the second derivative of -1/2*k**3 + 1/20*k**5 + 0 + 3/2*k**2 - 1/12*k**4 + 2*k. Calculate o(s).
12
Suppose 2*r = 2*q - 0*q - 16, 4*r = 3*q - 29. Let d(h) = 26 + 29 + h**q + 5*h**2 - 50 - 5*h. Determine d(-6).
-1
Let n be 18/(-4) + (-22)/44. Let z(k) = -k**2 - 3*k**2 + 3*k**2 - 6*k. Determine z(n).
5
Let k be (-2)/(0 - (0 - -1)). Let m(b) be the first derivative of -9 - 3*b**2 + 2*b**2 + 2*b**k + 2. Calculate m(2).
4
Let z(t) = 21*t**3 + 11*t**2 - 4*t - 4. Let a(c) = 4*c**3 + 2*c**2 - c - 1. Let i(m) = -11*a(m) + 2*z(m). Suppose 112*w + 150 = 37*w. Calculate i(w).
13
Suppose 4*d = -t + 25 - 4, -3*t = 3*d - 9. Let l(w) = -2*w - 7. Let m(f) = -1. Let r(s) = -l(s) + 4*m(s). Determine r(d).
15
Let o(i) = i**3 - 7*i**2 - 7*i - 6. Let q be o(8). Let n(h) = 3*h**3 - 4*h**2 + 2*h + 1. Determine n(q).
13
Suppose j - v + 6*v = 25, -24 = -4*j - v. Let g be 2/(-2 - (-3 - 0)). Let k(u) = g + 2*u + u - 7*u + u**2. Calculate k(j).
7
Let m(k) = -7*k**3 + 2*k + 1. Suppose 0*g + 5*s - 13 = 2*g, s = g + 5. Let d be -1 - (0/g - 0). What is m(d)?
6
Let v(w) = w**3 - 3*w**2 + 2*w - 3. Let s = 23 - 15. Suppose 0 = -5*b + u + 55, 5*b + 3*u = s*u + 35. Let f be (b/(-14))/((-16)/56). G